73
In base 13, what is 6b2 - -15456?
15b38
In base 4, what is 1301031132 - -32200?
1301123332
In base 3, what is -200001 + -2011202?
-2211210
In base 9, what is 2308815 - 76?
2308728
In base 5, what is 2020 - -21130334?
21132404
In base 3, what is 10 - -21000001211122?
21000001211202
In base 4, what is 1 - 11233021003311?
-11233021003310
In base 3, what is -2111111100011 + 12?
-2111111022222
In base 8, what is 132457 - 5466?
124771
In base 11, what is -23008a - -a24?
-22a166
In base 6, what is 20445331 + 24?
20445355
In base 6, what is -4224341305 - 2?
-4224341311
In base 14, what is -2 + 19c8a4?
19c8a2
In base 11, what is -32932 + -230?
-33062
In base 6, what is -2045 + -243?
-2332
In base 14, what is 1c - b19bac?
-b19b90
In base 16, what is 80c324 - -4?
80c328
In base 12, what is 6a5 - 2b2259?
-2b1774
In base 9, what is -82 - -5832358?
5832266
In base 12, what is -57 + -7062?
-70b9
In base 13, what is 517343a + 3?
5173440
In base 5, what is 22412341 + 114?
22413010
In base 9, what is 2672 + 886073?
888755
In base 2, what is 100110111 - 1101100011111011?
-1101011111000100
In base 14, what is a - 2db48?
-2db3c
In base 14, what is -6ba92 + -a36?
-6c6c8
In base 13, what is 3007 - 16c0?
1617
In base 10, what is 1 - 7401046?
-7401045
In base 14, what is 2b167a + -2?
2b1678
In base 13, what is 3 + -234c378?
-234c375
In base 15, what is -2a + 60730?
60705
In base 5, what is 14402221 - 33411?
14313310
In base 4, what is 1103 + 13222230330?
13222232033
In base 14, what is -2337438c - -4?
-23374388
In base 14, what is -1d4 + 129dc3?
129bcd
In base 10, what is -54 - -188242?
188188
In base 2, what is -1010000000100001010010 - -10011011?
-1010000000011110110111
In base 6, what is 25 + 12300413?
12300442
In base 8, what is 334145 - 4106?
330037
In base 9, what is 20878 - 15536?
4342
In base 6, what is 42555352315 + 3?
42555352322
In base 8, what is 102670677 - -5?
102670704
In base 6, what is 45 - 11214511?
-11214422
In base 13, what is 6 + 4276475?
427647b
In base 11, what is 1962426 - -539?
1962964
In base 3, what is -1101110012222010 + 220?
-1101110012221020
In base 14, what is 2ab0330 + 2?
2ab0332
In base 15, what is 1 - -1019c30?
1019c31
In base 10, what is -60 - 32566?
-32626
In base 7, what is -103202632 + 6?
-103202623
In base 3, what is 100001012012112 - -11?
100001012012200
In base 4, what is 11313330011 + 1133?
11313331210
In base 7, what is 65105613 + 2?
65105615
In base 6, what is 33400 - 45112?
-11312
In base 16, what is -20290f4 - -2?
-20290f2
In base 9, what is -1140548 - -28?
-1140520
In base 8, what is -2731 - 17652?
-22603
In base 7, what is -2130565 + -454?
-2131352
In base 5, what is -1220 - -2124232?
2123012
In base 15, what is 1 - 2ccb382?
-2ccb381
In base 16, what is -1c45f + 59?
-1c406
In base 3, what is 2010110211 - -10101?
2010121012
In base 2, what is 101100101101 + -100000000?
101000101101
In base 9, what is 2182800 - 13?
2182776
In base 15, what is 13 - -ac7ab?
ac7be
In base 8, what is -40426 + -502?
-41130
In base 4, what is -330033 - -1301?
-322132
In base 9, what is 7 - -42372244?
42372252
In base 3, what is -21110 - 1212020222001?
-1212021020111
In base 3, what is 0 - 100210021102120002?
-100210021102120002
In base 2, what is -11000110000101000001011 - -10?
-11000110000101000001001
In base 9, what is -108484431 + -5?
-108484436
In base 7, what is 522551 - -110?
522661
In base 3, what is 2111 + -1021220102110?
-1021220022222
In base 5, what is -134 + -2243111?
-2243300
In base 14, what is -41a + -1b76b?
-1bb87
In base 7, what is 4611 + 10033?
14644
In base 10, what is -158 + 17918?
17760
In base 9, what is -13284787 + 10?
-13284777
In base 13, what is 155576712 - 3?
15557670c
In base 8, what is -175334660 - -11?
-175334647
In base 10, what is -5 - -889741?
889736
In base 2, what is 11010110001010 - 11100101101?
10111001011101
In base 16, what is 57e - 4246?
-3cc8
In base 13, what is 6 - 377a1a9?
-377a1a3
In base 13, what is -58390 - -b8?
-582a5
In base 6, what is 5055241 - -12?
5055253
In base 2, what is -10101010011001 + 1100001?
-10101000111000
In base 9, what is -6006 + -1328?
-7335
In base 3, what is 2 - 2111111202?
-2111111200
In base 3, what is -11 - 101122020010011?
-101122020010022
In base 4, what is 21 + 10210311032?
10210311113
In base 5, what is 102004322 + 1244?
102011121
In base 5, what is 10431320024 - -3?
10431320032
In base 14, what is -4c0967d - 3?
-4c09682
In base 10, what is -6630 - 1410?
-8040
In base 8, what is 5616147 + 1?
5616150
In base 2, what is -110101110011111001111 - -10011?
-110101110011110111100
In base 10, what is -22233 - -2277?
-19956
In base 4, what is -102 - -10112130020?
10112123312
In base 6, what is 12350442 - -100?
12350542
In base 9, what is -3 - 136453?
-136456
In base 11, what is -66624 + -809?
-67332
In base 4, what is -232003223132 + 11?
-232003223121
In base 7, what is -346 + -142212?
-142561
In base 5, what is -121312 - -24401?
-41411
In base 9, what is 1233064 - 15?
1233048
In base 14, what is 54a11 - -d0?
54b01
In base 14, what is 2c53b0 - 9?
2c53a5
In base 12, what is -41 + -1636?
-1677
In base 6, what is -44 - -132542222?
132542134
In base 10, what is 2284 - -31345?
33629
In base 13, what is 9297 - -785?
9a4c
In base 15, what is 359ba2 - 128?
359a79
In base 7, what is -13 - -13111145?
13111132
In base 13, what is -14080 + 159?
-13c24
In base 8, what is -257141 + 16?
-257123
In base 4, what is 121210 + 11330?
133200
In base 7, what is 4566505 + -12?
4566463
In base 7, what is 34 + -5224600?
-5224533
In base 11, what is -30860 - -15?
-30846
In base 9, what is 3845 - -114?
4060
In base 2, what is -1110111 + 111101001101010?
111100111110011
In base 2, what is 11 - 10100100101111000010001?
-10100100101111000001110
In base 5, what is 222342 - -10422?
233314
In base 4, what is 2112032 + 21030?
2133122
In base 8, what is 363 - 4201321?
-4200736
In base 10, what is -710 - -3385?
2675
In base 10, what is -4034041 - -208?
-4033833
In base 13, what is 49 + 29a8c?
29b08
In base 2, what is 1001 - 100111010010010000011?
-100111010010001111010
In base 11, what is -6176813 - -9?
-6176805
In base 11, what is -68 + 893496?
893429
In base 10, what is -364 + 7689?
7325
In base 16, what is -1 - 7e8f69?
-7e8f6a
In base 7, what is -11544160 + -62?
-11544252
In base 4, what is -23312033 - 23011?
-30001110
In base 5, what is -12024302 - 110?
-12024412
In base 5, what is 34403423 + -432?
34402441
In base 4, what is 20233121230 + 303?
20233122133
In base 13, what is 28211923 - 5?
2821191b
In base 11, what is -92618 + -179?
-92796
In base 4, what is 120 - -1231200313?
1231201033
In base 5, what is 4 + -22303030401?
-22303030342
In base 3, what is 202 - 11020122211021?
-11020122210112
In base 10, what is 23 - 10577817?
-10577794
In base 9, what is 58 + -1407742?
-1407673
In base 12, what is 253803 + 133?
253936
In base 12, what is 382b5a - 7?
382b53
In base 2, what is -10101100111 + -10101111100011011?
-10110010010000010
In base 3, what is -1 - 11220020212101?
-11220020212102
In base 9, what is 232434058 - -1?
232434060
In base 4, what is 222 - 3232020311?
-3232020023
In base 6, what is 5 + -222242223?
-222242214
In base 4, what is -323333 - -312230?
-11103
In base 13, what is -966 - -c9a?
334
In base 11, what is 2762289 + 12?
27622a0
In base 11, what is -14 - 7a958?
-7a971
In base 10, what is 6329 + 4229?
10558
In base 13, what is -72a0 - -42b?
-6b72
In base 10, what is 60673326 + 4?
60673330
In base 4, what is 1012003312200 + -13?
1012003312121
In base 16, what is 15011 + 1b8?
151c9
In base 8, what is -15070 + -401066?
-416156
In base 15, what is -1 - -e1c95?
e1c94
In base 10, what is 102251 - -160?
102411
In base 11, what is 10a01 - 1a0?
10811
In base 16, what is -a48cb + 2?
-a48c9
In base 4, what is -11 - -2100311103233?
2100311103222
In base 5, what is -1113 - 23132202?
-23133320
In base 4, what is -2310303 + 1111121?
-1133122
In base 2, what is 110000 + 10110011100001?
10110100010001
In base 9, what is -2283674434 - 2?
-2283674436
In base 11, what is -965 - -25345?
24490
In base 7, what is 1621153 + -111?
1621042
In base 3, what is -10 + 122022000222122?
122022000222112
In base 3, what is 122100200121 - 112?
122100200002
In base 5, what is 134 - 4402324?
-4402140
In base 7, what is 0 - 44503